+ 1 + q. Suppose -4*j - 14 = -0*p - 5*p, 2*p = -3*j + 1. List the prime factors of z(j).
2
Suppose 0 = 58*s - 51*s - 1554. What are the prime factors of s?
2, 3, 37
Let u = -10 + 10. Suppose 4*c - 75 = -c. Suppose -x + u*x + c = 0. List the prime factors of x.
3, 5
Let y(j) = 56*j**2 - 4*j - 4. What are the prime factors of y(-1)?
2, 7
Let w(j) = j**2 + 5*j - 5. Let l(f) = 3*f**2 + 10*f - 11. Let n(p) = 3*l(p) - 7*w(p). Let y be n(5). Suppose u + 2*u = y. What are the prime factors of u?
3
Suppose 62 - 312 = -5*z. List the prime factors of z.
2, 5
Suppose -2*k + 1 = 5*d, -2 = 4*d - 0*k + 3*k. Suppose -d + 3 = 2*b. Suppose b = x - 14. List the prime factors of x.
3, 5
Suppose 3*g + 0*g - 9 = 0. List the prime factors of g.
3
Let i = 6 - 2. Suppose y - i = -1. Suppose -y*j - 2*j = -45. List the prime factors of j.
3
Let x be ((-8)/(-12))/(1/42). What are the prime factors of 204/x + 2/(-7)?
7
Let b = 6 - 8. Let s = b + 36. Let r = s + -17. List the prime factors of r.
17
Suppose -82 = -5*j + 8. What are the prime factors of j?
2, 3
Let f(k) = -5*k - 10. What are the prime factors of f(-6)?
2, 5
Suppose 0 = -4*v - 12, 141 = 3*q + v - 0*v. List the prime factors of q.
2, 3
Let k(z) = z**3 + 9*z**2 + 8*z + 7. Let y be k(-8). Let u = 18 - y. Let j = u + 1. List the prime factors of j.
2, 3
Let q(b) = -b**2 + 3*b + 4. Let z be q(3). Let j = z + -2. Suppose 4*r - o = j*o - 3, 4*r = -o + 17. List the prime factors of r.
3
Suppose 0 = 3*t - 10 - 161. Suppose k + 4*l + 5 = 30, 5*k + 3*l = t. What are the prime factors of k?
3
Let h = 30 + -5. Let f be ((-8)/10)/(2/h). What are the prime factors of ((-6)/f)/((-1)/(-10))?
2, 3
Let q = -68 + 282. List the prime factors of q.
2, 107
Let l = 11 - 7. Suppose 0 = 4*k - 12, 3*k = 4*y - 1 - 14. Suppose 5*h - y = l*h. What are the prime factors of h?
2, 3
Suppose -2*i - 339 = 291. List the prime factors of 4/(-6)*i/14.
3, 5
Suppose 268 = 4*s - 4*w, -2*w + 73 = -3*s + 4*s. What are the prime factors of s?
3, 23
Let f(x) = -x - 5. Let m be f(-8). Suppose 0 = p + m - 16. List the prime factors of p.
13
Let r = 5 - 5. Let y = -3 - r. Let m = 3 - y. List the prime factors of m.
2, 3
Suppose 3*t + 2*b - 43 = 0, 5*t = t - b + 49. Let f(u) = 3*u. Let v(p) = 16*p. Let j(r) = t*f(r) - 2*v(r). What are the prime factors of j(9)?
3
Let q = 26 + -22. List the prime factors of q.
2
Suppose 4*c = -u - 7, -5*c - 2*u = u. List the prime factors of 1/1*(c + 10).
7
Let g = 6 - 1. Let w = -3 + g. What are the prime factors of w?
2
Let k(h) be the second derivative of -h**3/3 - h**2 - 4*h. What are the prime factors of k(-6)?
2, 5
Let x(f) = f**3 + 5*f**2 - 8*f - 9. List the prime factors of x(-5).
31
Suppose 5*d = 90 + 15. List the prime factors of d.
3, 7
Suppose 0 = 5*c - 677 + 87. What are the prime factors of c?
2, 59
Let n(p) = -2*p**2 - 6*p + 404. List the prime factors of n(0).
2, 101
Let t(s) = -s**2 + 6*s - 5. Let n be t(5). List the prime factors of 17 - (n + 3) - -1.
3, 5
What are the prime factors of -21*(32/(-3))/1?
2, 7
Suppose 4*z + 26 = 3*h, -h - 3*h + 4*z + 32 = 0. Let p(c) = 2*c - 2. List the prime factors of p(h).
2, 5
Let h(j) = j**2 - 7. Let y be h(0). List the prime factors of 6/(-21) - 93/y.
13
Suppose 6*h = 3*h + 48. Let p = -10 + h. List the prime factors of p.
2, 3
Suppose 0 = 11*p - 252 - 1211. What are the prime factors of p?
7, 19
Let n(b) = b + 6. Let r be n(-5). Let v = -16 - -23. Let f = r + v. List the prime factors of f.
2
Suppose 2*k - 301 = -5*a, -4*a - 2*k + 7*k + 221 = 0. List the prime factors of a.
59
Suppose -8*m + m = -1456. What are the prime factors of m?
2, 13
Suppose -2*l + 6*l = 3*n - 150, 2*n - 117 = -3*l. Let u = n - 37. What are the prime factors of u?
17
Let z(a) = a + 14. Let n be z(-8). Suppose -2*f = -n*f + 76. What are the prime factors of f?
19
Let w be ((-3)/(-2))/(3/(-32)). Let m = w + 56. What are the prime factors of m?
2, 5
Let w(u) = 9*u + 6. Let o be w(5). Suppose 2*t + k - 6 + 3 = 0, -3*t + 8 = -2*k. Suppose t*l - 28 = -2*z, 3*l = 7*l + 3*z - o. List the prime factors of l.
3
Suppose 3*z = -2*k + 9, z = -k + 3*z + 15. What are the prime factors of k?
3
Let d(z) = 3*z**2 - 19*z + 7. Let h(l) = -2*l**2 + 10*l - 4. Let b(v) = -3*d(v) - 5*h(v). Let a be b(-3). Let n = a - -23. What are the prime factors of n?
2, 5
Let u = 1 + -3. Let j be (5 + u/1)*-1. Let b = j + 5. List the prime factors of b.
2
What are the prime factors of (-1)/((-288)/(-292) - 1)?
73
Suppose -4*n + i = -i - 22, n - 5*i - 1 = 0. List the prime factors of (-2)/(-4)*2*n.
2, 3
Let t = -37 + 17. Suppose -4*w - 3*o + 6 = -5*o, -5*o = 2*w - 9. List the prime factors of t/(-8) - w/4.
2
Suppose p = -2*s + 4*p - 8, 0 = 4*p - 16. Suppose s + 2 = 3*c - 5*u, 4*c - 4*u = 8. What are the prime factors of c?
3
Let n(h) = 2*h + 16. List the prime factors of n(-7).
2
Let d(z) = -z + 10. List the prime factors of d(-8).
2, 3
Let y = -89 - -146. List the prime factors of y.
3, 19
Suppose s - 20 - 44 = 0. What are the prime factors of s?
2
Let r(i) be the first derivative of -1/2*i**2 + 3*i - 1. What are the prime factors of r(0)?
3
Let x = -70 + 136. What are the prime factors of x?
2, 3, 11
Let w = -51 + 87. What are the prime factors of w?
2, 3
Suppose 191 - 593 = -3*h. What are the prime factors of h?
2, 67
Suppose 3*a - 450 = 2*v + 8, 5*v = -5*a + 780. List the prime factors of a.
2, 7, 11
Suppose 0 = 8*v - 288 - 216. What are the prime factors of v?
3, 7
Let y = 61 - 106. Let i = y - -25. Let p = i - -30. What are the prime factors of p?
2, 5
Let n(y) = 2*y**2 + 6*y + 8. What are the prime factors of n(-5)?
2, 7
Let h(j) = j**2 - j + 2. What are the prime factors of h(-4)?
2, 11
Suppose -2*z + 225 = 3*z + 5*g, -z + 36 = 4*g. What are the prime factors of z?
2, 3
Let i = -21 + 31. List the prime factors of i.
2, 5
Let n = 163 + -42. What are the prime factors of n?
11
Let d(c) = c**2 + 21. Let a be d(0). Suppose -2*i + a = 3*i + 3*b, 4*b + 1 = 3*i. Suppose i*l = 2*l + 7. What are the prime factors of l?
7
Let y(z) = 2*z + 52. Let j = -18 + 18. What are the prime factors of y(j)?
2, 13
Let k be ((-36)/(-24))/((-2)/20). Let w = -43 - -72. Let x = w + k. List the prime factors of x.
2, 7
Suppose 0 = 2*b - 155 - 53. List the prime factors of b.
2, 13
Let n = 25 + 38. What are the prime factors of n?
3, 7
What are the prime factors of (248/16)/(3/6)?
31
What are the prime factors of (-85 + 1)/(-3 - -5 - 3)?
2, 3, 7
Suppose 6*l = 19*l - 3523. What are the prime factors of l?
271
Let j(n) be the third derivative of 0*n + 3*n**2 + 0 + 1/3*n**3 + 1/60*n**5 - 1/6*n**4. List the prime factors of j(6).
2, 7
Suppose -u - 4*p + 20 = 0, -4*p + 7 + 29 = 5*u. Let r(a) = -a**2 + 7*a - 6. List the prime factors of r(u).
2, 3
Let z(x) = 2*x**3 - 4*x**2 + 2*x. Let y be z(2). Suppose -4*u = 18 - 2, -2*v = y*u + 18. Let g(o) = -8*o**3. List the prime factors of g(v).
2
Suppose 297 = 2*a + 5*f - 268, -2*a = -f - 595. What are the prime factors of a?
5, 59
Let k(c) = 2*c + 2. Let h be k(1). Suppose -l - l + 5*y + 15 = 0, h*l = 3*y + 37. List the prime factors of l.
2, 5
Let m be (-9)/(-2)*16/3. Suppose -n = 4*f - 27, 3*f + 10*n - 33 = 5*n. Suppose 31 = 4*t + 5*g, -f*t + m = -3*t + 3*g. What are the prime factors of t?
3
Let h(u) = 4*u - 1. What are the prime factors of h(14)?
5, 11
Let j(i) = i. Suppose -3*r + 39 = 5*s, 3*s - 1 - 8 = 3*r. Suppose 3*u = 3*w - 39, -s*w = -w + 2*u - 37. What are the prime factors of j(w)?
3
Let z(n) = -n**2 - n - 1. Let q(w) = 7*w**2 + 7*w + 7. Let p(m) = -3*q(m) - 24*z(m). What are the prime factors of p(-2)?
3
Let k(t) = 2*t**2 + 3. Let a(g) = 2*g**2 - 4*g**2 + g**2. Let u(o) = -3*a(o) - k(o). List the prime factors of u(3).
2, 3
Let m(s) be the second derivative of 0*s**2 + 1/12*s**4 + 2*s + 0 - 2/3*s**3. List the prime factors of m(6).
2, 3
Suppose 0 = -3*i - i + 28. Let w = 17 - 12. Suppose c + i = w*v, -2*c = -v + 2 - 15. List the prime factors of c.
2
Let s be (-5 - -3) + (-14)/(-2). Suppose 0 = -y + 20 - s. List the prime factors of y.
3, 5
Suppose -s = 1, -3*d - 5 = -4*s - 21. List the prime factors of (d/6)/(10/255).
17
Suppose 2*z - 2*n = 0, -2*z = n + 1 - 13. List the prime factors of (52/(-8))/((-2)/z).
13
Suppose -22 = -q - 3*p + 2*p, 4*p + 44 = 2*q. What are the prime factors of q?
2, 11
Let l